mainder when 17875977 is divided by 5929.
42
Calculate the remainder when 4731127 is divided by 1053.
1051
Calculate the remainder when 13772 is divided by 5014.
3744
Calculate the remainder when 302858 is divided by 8866.
1414
What is the remainder when 2167341 is divided by 2080?
2061
What is the remainder when 1674260877 is divided by 103?
100
Calculate the remainder when 19371819 is divided by 680.
659
What is the remainder when 934949 is divided by 6492?
101
Calculate the remainder when 73688 is divided by 213.
203
What is the remainder when 2149112 is divided by 1124?
24
What is the remainder when 3786561 is divided by 1448?
41
What is the remainder when 643552 is divided by 147?
133
Calculate the remainder when 18411582 is divided by 572.
46
Calculate the remainder when 3270467 is divided by 81761.
27
What is the remainder when 828307 is divided by 22?
7
What is the remainder when 83656 is divided by 3111?
2770
Calculate the remainder when 561366 is divided by 185567.
4665
What is the remainder when 1399457 is divided by 1231?
1041
Calculate the remainder when 23549 is divided by 22121.
1428
Calculate the remainder when 1513812 is divided by 756560.
692
Calculate the remainder when 1028686 is divided by 20170.
16
What is the remainder when 663429 is divided by 264?
261
Calculate the remainder when 4877278 is divided by 1625754.
16
Calculate the remainder when 869679 is divided by 2199.
1074
Calculate the remainder when 340647 is divided by 537.
189
Calculate the remainder when 69600 is divided by 34274.
1052
What is the remainder when 576400 is divided by 1790?
20
Calculate the remainder when 608591 is divided by 658.
599
What is the remainder when 70441 is divided by 35202?
37
Calculate the remainder when 501669 is divided by 1324.
1197
Calculate the remainder when 18637709 is divided by 3416.
13
Calculate the remainder when 478918 is divided by 13.
11
What is the remainder when 262678 is divided by 37510?
108
What is the remainder when 309272 is divided by 1554?
26
What is the remainder when 175973 is divided by 3439?
584
What is the remainder when 129964 is divided by 89?
24
Calculate the remainder when 32375729 is divided by 3434.
3411
Calculate the remainder when 3155932 is divided by 265.
47
Calculate the remainder when 49604 is divided by 5463.
437
Calculate the remainder when 2771023 is divided by 1612.
1607
What is the remainder when 190504334 is divided by 145?
144
Calculate the remainder when 8494127 is divided by 1974.
5
Calculate the remainder when 5638659 is divided by 1409618.
187
What is the remainder when 105563 is divided by 34082?
3317
Calculate the remainder when 39350 is divided by 1961.
130
What is the remainder when 8458186 is divided by 271?
5
Calculate the remainder when 1472747 is divided by 584.
483
What is the remainder when 78771 is divided by 57?
54
What is the remainder when 3764974 is divided by 1254924?
202
What is the remainder when 1919006 is divided by 3587?
3548
What is the remainder when 31683 is divided by 769?
154
Calculate the remainder when 3266724 is divided by 56.
20
What is the remainder when 370919 is divided by 30907?
35
What is the remainder when 29753 is divided by 2940?
353
Calculate the remainder when 57278146 is divided by 307947.
4
What is the remainder when 10015927 is divided by 589171?
20
Calculate the remainder when 495264 is divided by 54984.
408
What is the remainder when 253119 is divided by 5502?
27
Calculate the remainder when 232361 is divided by 240.
41
What is the remainder when 441119 is divided by 447?
377
What is the remainder when 88079 is divided by 87725?
354
What is the remainder when 1091650 is divided by 363821?
187
What is the remainder when 8437492 is divided by 211?
24
What is the remainder when 11873182 is divided by 1613?
1502
What is the remainder when 2038129 is divided by 50953?
9
What is the remainder when 17358363 is divided by 50?
13
Calculate the remainder when 10218 is divided by 8994.
1224
What is the remainder when 8187669 is divided by 2804?
2793
What is the remainder when 26867 is divided by 1339?
87
Calculate the remainder when 176878 is divided by 324.
298
What is the remainder when 1733033 is divided by 3912?
17
What is the remainder when 4434660 is divided by 41?
18
What is the remainder when 10379 is divided by 1146?
65
Calculate the remainder when 123591 is divided by 1836.
579
Calculate the remainder when 199686 is divided by 1009.
913
What is the remainder when 15864 is divided by 32?
24
What is the remainder when 1444888 is divided by 128?
24
Calculate the remainder when 2168947 is divided by 544.
19
Calculate the remainder when 3266676 is divided by 324.
108
What is the remainder when 86620 is divided by 21566?
356
What is the remainder when 359391 is divided by 862?
799
What is the remainder when 1011617 is divided by 33700?
617
Calculate the remainder when 24910828 is divided by 163887.
4
Calculate the remainder when 1076394157 is divided by 161.
160
What is the remainder when 2077349 is divided by 1774?
1769
What is the remainder when 851432 is divided by 201?
197
Calculate the remainder when 1534669 is divided by 95862.
877
What is the remainder when 151524164 is divided by 218?
212
Calculate the remainder when 1337653 is divided by 5266.
89
Calculate the remainder when 3254361 is divided by 325435.
11
What is the remainder when 904377 is divided by 75364?
9
What is the remainder when 46273 is divided by 6436?
1221
Calculate the remainder when 17753146 is divided by 8066.
7946
Calculate the remainder when 10502812 is divided by 437617.
4
Calculate the remainder when 1054222 is divided by 111.
55
Calculate the remainder when 2553506 is divided by 851161.
23
Calculate the remainder when 161995 is divided by 9.
4
What is the remainder when 1317206 is divided by 439015?
161
Calculate the remainder when 2530087 is divided by 206.
201
Calculate the remainder when 3989670 is divided by 233.
11
What is the remainder when 330805617 is divided by 4989?
4983
Calculate the remainder when 290238 is divided by 218.
80
What is the remainder when 26556857 is divided by 69?
68
What is the remainder when 1838273 is divided by 15304?
1793
What is the remainder when 20175 is divided by 439?
420
What is the remainder when 1435157 is divided by 286947?
422
What is the remainder when 738347 is divided by 79?
13
What is the remainder when 5028539 is divided by 1140?
1139
Calculate the remainder when 1989048 is divided by 663011.
15
What is the remainder when 48227337 is divided by 1048420?
17
What is the remainder when 5127644 is divided by 275?
269
What is the remainder when 272860101 is divided by 1436?
1433
Calculate the remainder when 1055131 is divided by 6671.
1113
Calculate the remainder when 66449 is divided by 62.
47
Calculate the remainder when 745579 is divided by 1253.
44
What is the remainder when 4060001 is divided by 1112?
89
Calculate the remainder when 383994 is divided by 7529.
15
What is the remainder when 689035 is divided by 98324?
767
What is the remainder when 62775562 is divided by 14?
10
What is the remainder when 320728617 is divided by 401?
396
Calculate the remainder when 32661 is divided by 1102.
703
Calculate the remainder when 20344072 is divided by 1017203.
12
Calculate the remainder when 116381 is divided by 8090.
3121
What is the remainder when 18224 is divided by 14805?
3419
Calculate the remainder when 112067611 is divided by 11206761.
1
Calculate the remainder when 351402 is divided by 349453.
1949
What is the remainder when 40243626 is divided by 2237?
2233
What is the remainder when 559486 is divided by 550516?
8970
What is the remainder when 1701423 is divided by 4713?
30
Calculate the remainder when 14662004 is divided by 444303.
5
What is the remainder when 21450665 is divided by 3865?
3780
Calculate the remainder when 750846 is divided by 13870.
1866
Calculate the remainder when 7143479 is divided by 1187.
113
What is the remainder when 6056126 is divided by 567?
566
What is the remainder when 674224 is divided by 102?
4
What is the remainder when 454029 is divided by 159?
84
What is the remainder when 2592017 is divided by 737?
725
Calculate the remainder when 4714376 is divided by 52.
4
What is the remainder